 2*m + 140 = 5*p, 56 = 2*p - 4*m. Let q = -913 + 934. Calculate the highest common divisor of q and p.
7
Suppose 3*k + 5*k = 25 - 9. What is the greatest common divisor of 93 and k?
1
Suppose 122 = -6*g - 34. Let a be (g/(-7))/((-25)/(-175)). Calculate the highest common divisor of 4 and a.
2
Let w = 626 - 149. Suppose -1053 - w = -5*c. Calculate the highest common factor of 18 and c.
18
Let v be 17*(258/4 - -1)/(14/28). Calculate the greatest common divisor of 34 and v.
17
Let w(y) = y**2 + 23*y + 93. Let t be w(-18). Suppose 5*f = 4*d + 92, 10*f = 11*f - t*d - 25. What is the greatest common factor of 368 and f?
16
Let d = -134 + 170. Suppose -146 - 214 = -d*o. Calculate the highest common divisor of 730 and o.
10
Let n = 552 + -135. Calculate the highest common divisor of 1112 and n.
139
Let s be (-1 - 0/1) + 20. Suppose -1288 = -60*d - 148. Suppose -s*v = -18*v - d. What is the greatest common divisor of v and 133?
19
Suppose 4*k = r + 5, 4*k + r - 6 - 5 = 0. Let o = 121 + -74. Let d = o + -46. What is the greatest common divisor of d and k?
1
Let f be -76*(3 + -10 + 5). Suppose 5*c - c = -2*q + f, -92 = -2*c - 5*q. Calculate the greatest common divisor of c and 324.
36
Suppose b - 6 = 5. Suppose -b*v + 307 + 694 = 0. Suppose -2 = -o + 11. What is the greatest common divisor of v and o?
13
Let v(o) = 19*o**2 + 180*o - 24. Let b be v(-10). Let q(w) = -w**3 + 6*w**2 + 4*w - 5. Let z be q(6). Calculate the greatest common divisor of z and b.
19
Let u(s) = -188*s - 5934. Let f be u(-38). What is the greatest common factor of f and 99?
11
Let l be (-4)/4 + 91*(144/21 + -6). Calculate the greatest common factor of 473 and l.
11
Suppose -7 = t - 23. Suppose 1425 - 1449 = -h. What is the highest common divisor of h and t?
8
Let f(y) = 2*y**3 + y**2 - 4*y. Let v be f(-2). Let h be 21/v + 5/20. Let m be (h - -7) + (51 - 1). Calculate the highest common factor of m and 13.
13
Let r be -4 + -6*16/(-12). Suppose -f + n = -0*f + r, -5*f + 3*n = 16. Let w be 11 + -9 - 284/f. What is the greatest common factor of 36 and w?
36
Let r = -3131 - -3209. Calculate the greatest common divisor of 286 and r.
26
Let w(i) = -719*i + 2936. Let u be w(4). What is the greatest common divisor of 68 and u?
4
Suppose -18*u = -8*u - 13306 - 51444. What is the greatest common factor of u and 700?
175
Suppose 5*x = -5*q - 1655, 3*x - x + 650 = 2*q. Let o = 418 + x. What is the greatest common factor of 24 and o?
6
Let q = -2 - -62. Suppose 46 + 44 = -15*p. Let s be (80/p)/(9 - (-28)/(-3)). Calculate the greatest common factor of s and q.
20
Let z be (0 + 7/119 - 462/(-238)) + 646. What is the highest common divisor of 2484 and z?
108
Let g(x) = 9*x - 7. Let t be g(2). Let y(n) = 49*n - 1. Let d be y(7). Let i = d + -243. Calculate the highest common factor of i and t.
11
Let s be (-2)/6 - (-73 - 483)*21/36. Calculate the greatest common divisor of s and 342.
18
Suppose 3*f - x - 769 = 0, 5*f = -9*x + 11*x + 1280. What is the highest common factor of 5504 and f?
86
Let g = -813 + 1210. Suppose 0 = g*m - 394*m - 39. Calculate the greatest common divisor of 416 and m.
13
Let a be 6/15 + ((-3339)/15)/(-1). Let o = 238 - a. What is the highest common factor of 3 and o?
3
Let n = 71037 + -71035. Let t be (-4)/(-6)*18/4. Suppose 2*d = -q - 3, -t*d = 2*q + 2 + 1. What is the highest common divisor of n and q?
1
Let k = -124 - -296. Suppose -128 - k = -o. Calculate the highest common factor of o and 12.
12
Let d = -1304 - -1766. Calculate the highest common factor of d and 1050.
42
Suppose -4*r - 70 = -6*r. Suppose 2*t = -g + r, 0*g - 3*t + 102 = 3*g. Suppose -525*c + 1060*c - 522*c = 78. Calculate the greatest common divisor of g and c.
3
Suppose -p - 3*g + 182 = p, 364 = 4*p - 2*g. Suppose -69 - p = -10*o. What is the highest common factor of o and 328?
8
Suppose 2*z = 49*z - 188. Calculate the greatest common factor of z and 146.
2
Suppose 12*b - 10*b = 54. Let y be b*2/3*3/(-2). Let u(h) = -2*h - 39. Let c be u(y). What is the greatest common factor of 5 and c?
5
Let j be ((-26)/52)/((-1)/8). Suppose -j*n = -3*t + 3, -t - 4 + 5 = n. What is the greatest common factor of 6 and t?
1
Let m = -3531 - -3549. What is the highest common factor of m and 567?
9
Suppose -w + 937 = 4*h, -2*h + 25*w - 20*w + 441 = 0. Suppose 2*a = i + 154, -7*a + 10*a - h = i. What is the highest common divisor of 1 and a?
1
Let i(p) = -2*p**2 - 11*p + 45. Let u be i(3). Let t be (-99)/u*96/9. Calculate the greatest common divisor of t and 66.
22
Let l(u) = -u**3 - u**2 + 19*u + 7. Let d be l(-5). Let t be 1053/((-6)/d*-3). What is the greatest common divisor of 78 and t?
78
Let s be (2 - -3)*1 - 781/22*-20. Calculate the highest common divisor of s and 104.
13
Let h(l) = l**3 + 3*l**2 + 4*l + 14. Let c = 15 + -19. Let x be h(c). Let v = -13 - x. Calculate the greatest common divisor of v and 5.
5
Suppose -3*d + 11118 = 2*j, -4*j = -21*d + 25*d - 14816. Calculate the highest common factor of d and 10.
10
Let j be 115 + 80/(-10) + -3. Suppose -132 - 2676 = -12*r. Calculate the highest common factor of r and j.
26
Let j = -255 + 259. Let v be 181 - -4 - 0/j. What is the highest common factor of 74 and v?
37
Let v(n) = -n**2 + 21*n + 182. Let t be v(26). Suppose -75 = 5*h - 10*h. Let o be 390/(-4)*(-20)/h. Calculate the greatest common factor of o and t.
26
Suppose -8 = -3*v + 4. Let q = 221 + -221. Suppose q = -o - 1, 0 = -5*n + 2*o - 4 + 146. What is the greatest common factor of v and n?
4
Let r be (-4 - (-68)/1) + -4. Suppose 22 = w - 36. Let y = r - w. Calculate the greatest common factor of 4 and y.
2
Let t(d) = d - 19. Let k be t(13). Let w be ((-2)/(-3))/(2/k). Let q be w + 3 - (2 + -8) - 0. What is the highest common factor of 49 and q?
7
Let o be (1/(3/24))/2. Let n(m) = 5*m**2 - 61*m - 63. Let s be n(-1). What is the highest common factor of o and s?
1
Suppose -690 = -m - 9*m. Suppose 4*n = -4*w + 452, 5*w = 5*n - 441 - 144. Calculate the greatest common factor of n and m.
23
Let v = -8 - -12. Let a be 9 + v/(-4)*-3. Let g(k) = k**2 - 9*k + 14. Let z be g(8). Calculate the highest common divisor of a and z.
6
Suppose 16*j - 77*j + 1224 = 41*j. Let t(o) = 21*o**2 - o - 1. Let a be t(-1). What is the greatest common factor of a and j?
3
Suppose 3*w + 15 + 30 = 5*h, 2*w - 46 = -3*h. Calculate the highest common factor of h and 292.
4
Let g be 18/2 - (3 + 1). Suppose -g*z + 18 = 3*y, -3*z = -z. Suppose -y*x + 2*x = -280. What is the highest common factor of x and 28?
14
Let c(j) = 30*j + 150. Let x be c(7). What is the greatest common divisor of x and 80?
40
Let o(t) = t**3 + 9*t**2 + 15*t - 9. Let p be o(-6). Let d be (p/(-6))/(1 + (-175)/170). Suppose 15 = 2*h - d. Calculate the highest common divisor of h and 22.
11
Let d = -27580 - -29322. Calculate the greatest common divisor of d and 52.
26
Suppose 0 = 40*z - 163997 - 40403. Calculate the greatest common factor of z and 292.
146
Let f = 38 - 18. Let z be 5/(150/956) + 10/75. Let m = 42 - z. Calculate the highest common factor of f and m.
10
Let d(l) = -l**2 + 16*l + 33. Let n be d(19). Let i = 112 - n. Let z(p) = 4*p**2 + p + 3. Let w be z(-2). What is the highest common divisor of i and w?
17
Let i = -870 - -1008. Let b = 336 - -147. Calculate the highest common divisor of b and i.
69
Let u(j) = -21*j - 147. Suppose -27 = -3*s - 96. Let p be u(s). What is the highest common divisor of 21 and p?
21
Let r(i) = -308*i + 4. Let d be r(-1). Suppose 20*b + 815 - 1595 = 0. What is the highest common factor of d and b?
39
Let k(o) be the first derivative of 2*o**3/3 + 12*o**2 - 7*o - 26. Let g be k(-5). Let y = -65 - g. Calculate the greatest common factor of 18 and y.
6
Let p(u) be the first derivative of -u**4/4 + 4*u**3/3 + 5*u**2 + 25*u + 152. Let n be p(6). What is the highest common divisor of n and 26?
13
Let x(k) be the third derivative of k**4/4 + 18*k**3 + 4*k**2 + 2*k. Let v be x(-13). What is the highest common divisor of v and 30?
30
Let h(r) = -3*r + 79. Let f be h(25). Suppose f*a - 277 + 241 = 0. Calculate the greatest common factor of 63 and a.
9
Let k be (8/4)/(-2*2/152). Let r = -68 - k. Let p(f) = 3*f**2 - 5*f - 2. Let j be p(5). What is the greatest common divisor of r and j?
8
Suppose 2*o = -772 - 574. Let q = -233 - o. What is 